9
-225217 (base 8) to base 11
-52473
What is -1a3791 (base 13) in base 8?
-2422333
1232010333 (base 4) to base 13
12a2c0
What is 1361647 (base 9) in base 3?
1102001201121
-10033221 (base 4) to base 14
-649b
Convert 34683 (base 16) to base 7.
1552554
Convert 1745714 (base 8) to base 12.
207810
-348622 (base 9) to base 3
-101122200202
Convert -126771 (base 12) to base 3.
-120022221111
What is -120111100222000 (base 3) in base 14?
-114500d
What is 5685c (base 13) in base 6?
3212440
What is -d965 (base 16) in base 9?
-84306
What is -10011000011100111100 (base 2) in base 9?
-1151516
Convert -186c5 (base 15) to base 16.
-13538
Convert 458224 (base 9) to base 10.
275017
What is -678195 (base 11) in base 8?
-4074562
Convert 65263 (base 7) to base 16.
3f88
Convert 1172aa6 (base 14) to base 9.
16626562
What is -101111100010010000101 (base 2) in base 10?
-1557637
-12110120121 (base 3) to base 7
-625441
24340101 (base 5) to base 15
4851b
23211232213 (base 4) to base 14
591287
Convert 421116 (base 14) to base 8.
10405460
What is -33444231 (base 5) in base 12?
-123928
Convert -1000110000000001 (base 2) to base 11.
-24a23
Convert -1104431011 (base 5) to base 3.
-11112222122122
d4a896 (base 14) to base 6
413435204
37a760 (base 14) to base 9
3532704
What is -103630264 (base 7) in base 10?
-6225937
Convert -110010103010 (base 4) to base 11.
-2a73309
-3352 (base 12) to base 4
-1120232
718c5 (base 14) to base 12
112271
What is 3a99c (base 13) in base 10?
109303
What is 282602 (base 11) in base 13?
126609
What is 634626 (base 7) in base 13?
3ac3b
Convert 13202131 (base 4) to base 8.
74235
Convert a494b (base 16) to base 14.
137959
What is 28b45 (base 13) in base 16?
12b46
Convert 15512250 (base 6) to base 13.
165189
What is 346246 (base 11) in base 9?
1027405
266072 (base 8) to base 12
45b62
Convert 1366688 (base 9) to base 4.
2313303332
What is 12320023 (base 5) in base 13?
4281a
What is 6231a0 (base 15) in base 12?
1691480
Convert -2476818 (base 10) to base 6.
-125030430
-79c43 (base 15) to base 2
-1011110100110111001
111000111001011000 (base 2) to base 3
102211200102
Convert 643a50 (base 12) to base 3.
2222101221120
What is -101754 (base 8) in base 3?
-1201022211
Convert -288363 (base 9) to base 13.
-62589
What is -10273 (base 14) in base 7?
-221303
Convert -101100100011110101111010 (base 2) to base 3.
-210222110112001
Convert -58620 (base 11) to base 6.
-1451401
What is 36ac6 (base 14) in base 8?
405326
Convert -1210021022 (base 3) to base 12.
-18445
What is -2a4831 (base 11) in base 4?
-1303323112
20122212121002 (base 3) to base 11
1aa8aa9
What is 1eb92 (base 15) in base 7?
565652
Convert 47298 (base 14) to base 13.
60c04
What is 276529 (base 10) in base 12?
114041
-4878634 (base 11) to base 9
-16867082
-3e3af (base 16) to base 13
-8c034
Convert 121201311 (base 4) to base 14.
2a16d
Convert 2027703 (base 9) to base 12.
441b79
-13021301 (base 5) to base 2
-11110110111110011
What is 1c6144 (base 14) in base 13?
297312
What is -47a51 (base 12) in base 4?
-113210131
Convert -118594 (base 12) to base 9.
-472784
f1c1 (base 16) to base 11
42553
What is -10100121000 (base 3) in base 6?
-1225430
Convert -27253 (base 14) to base 8.
-274371
Convert 2bcc6 (base 13) to base 9.
136454
What is -2000020120201 (base 3) in base 8?
-4045240
Convert -11031111221 (base 4) to base 11.
-8528a0
Convert -5ce71 (base 15) to base 6.
-10210241
Convert 60613 (base 9) to base 8.
115670
197923 (base 10) to base 7
1453015
What is -3479c5 (base 15) in base 3?
-11201100012212
What is -333023113032 (base 4) in base 7?
-260525406
What is -1101221011021 (base 3) in base 10?
-746611
Convert 101100100010101010 (base 2) to base 3.
100021021010
What is -11121002221220 (base 3) in base 16?
-254661
122021012002 (base 3) to base 4
1102332023
101220100221 (base 3) to base 9
356327
Convert -26649 (base 15) to base 10.
-122919
-67cce (base 16) to base 5
-102101131
Convert 21212111021021 (base 3) to base 2.
1111111101000111000101
Convert -2143304112 (base 5) to base 4.
-101303030231
-124be6d (base 15) to base 14
-1a65149
What is 10256403 (base 8) in base 12?
895403
-101010111100110001100 (base 2) to base 9
-2574486
What is -10340112 (base 5) in base 11?
-61708
Convert -13244004 (base 5) to base 16.
-20c6e
3225033 (base 6) to base 5
20043323
Convert 44ccc8 (base 13) to base 9.
3051137
Convert 1121050 (base 8) to base 7.
2403203
Convert -1144a11 (base 11) to base 15.
-296db7
-1135551 (base 6) to base 10
-59611
What is -6936373 (base 11) in base 12?
-4090435
Convert 144401441 (base 5) to base 2.
10111110000010000011
Convert 144403 (base 8) to base 14.
14a79
What is 12312110 (base 5) in base 4?
131031213
13a835 (base 11) to base 4
311202122
Convert -678670 (base 11) to base 12.
-441184
-111003202 (base 4) to base 15
-1a847
What is 15744707 (base 8) in base 13?
9b01c2
Convert -11010101010110011101 (base 2) to base 12.
-361879
-1cb537 (base 14) to base 10
-1030029
135242 (base 11) to base 7
1541556
-1623471 (base 8) to base 9
-784051
What is 210095 (base 12) in base 13?
152018
What is -1589b4 (base 12) in base 7?
-3061132
What is 195732 (base 10) in base 16?
2fc94
-61731 (base 12) to base 13
-45b7a
3211453 (base 6) to base 3
21222122120
75266 (base 8) to base 4
13222312
-165735 (base 9) to base 12
-4b4ab
-53505322 (base 6) to base 4
-12001223102
-bacb5c (base 13) to base 6
-234133421
Convert -1210012012220 (base 3) to base 6.
-32155340
-21134232 (base 5) to base 6
-3445254
Convert -818d5b (base 14) to base 3.
-22012210110111
Convert -32247 (base 11) to base 14.
-13126
15802438 (base 9) to base 11
4516214
What is 3005214 (base 6) in base 13?
4c312
What is 642415 (base 9) in base 2?
1011101010101111110
What is 4201177 (base 8) in base 13?
300521
What is -110010111 (base 3) in base 11?
-6709
What is 22250621 (base 7) in base 11?
10a7851
What is -76100 (base 8) in base 6?
-403132
-3004141 (base 5) to base 4
-23210331
100010110111011111001110 (base 2) to base 13
1b803b4
Convert -2101200011202 (base 3) to base 13.
-357542
What is 333331110 (base 4) in base 5?
31340342
-3111200232 (base 4) to base 16
-d582e
3213034 (base 5) to base 11
37752
What is -1033610 (base 7) in base 14?
-33db0
309034 (base 13) to base 9
2117121
What is 1ad584 (base 15) in base 14?
26196d
Convert -1100101001100100 (base 2) to base 11.
-35a22
What is -61506615 (base 7) in base 13?
-10b1c7a
6475 (base 14) to base 6
212155
-24221002 (base 6) to base 4
-2322232322
Convert 7125357 (base 9) to base 15.
4eebed
-101057 (base 10) to base 14
-28b85
What is -110022210010110 (base 3) in base 10?
-6550158
-16d7d5 (base 14) to base 9
-1457006
401673 (base 8) to base 12
644a3
What is -50a0a1 (base 14) in base 11?
-1596109
Convert -611013 (base 7) to base 11.
-70919
173c5 (base 14) to base 4
32100101
What is 78a84 (base 14) in base 2?
1000111100001001100
What is -2e132 (base 16) in base 5?
-22014342
Convert -21112112012 (base 3) to base 5.
-14221440
Convert -33024023 (base 5) to base 13.
-9ba83
Convert -12121212201211 (base 3) to base 7.
-34260361
100011111110011001 (base 2) to base 9
244115
Convert -c9316a (base 15) to base 12.
-325b1a7
What is -521532223 (base 6) in base 2?
-100010100000111101010111
What is -12221012313 (base 4) in base 9?
-3243470
What is 4642583 (base 10) in base 3?
22201212102112
What is -1001011110110101010 (base 2) in base 10?
-310698
Convert -51951 (base 10) to base 8.
-145357
What is 1141013404 (base 5) in base 15?
37bed9
Convert 2588a0 (base 15) to base 9.
3344236
Convert -101011220201111 (base 3) to base 14.
-a0bdda
38ab4 (base 13) to base 6
2130320
Convert -11100110001011010011100 (base 2) to base 5.
-3412324203
-331013 (base 5) to base 13
-5248
Convert -1db8a8 (base 16) to base 10.
-1947816
What is 589631 (base 11) in base 4?
3210103102
What is 176f43 (base 16) in base 3?
2220000201220
222677 (base 14) to base 5
244043444
146657 (base 10) to base 7
1150400
-1001320103 (base 4) to base 7
-2202500
767213 (base 10) to base 14
15d84d
-193859 (base 14) to base 4
-3122020013
Convert -1328e (base 15) to base 7.
-343550
What is -25add (base 16) in base 4?
-211223131
What is -1ae56 (base 15) in base 3?
-11110011200
Convert 538612 (base 9) to base 6.
10515145
Convert -2131434 (base 5) to base 3.
-1212001122
What is 71a538 (base 12) in ba